and 78130944.
2304
Calculate the greatest common factor of 765507 and 12099.
327
What is the greatest common divisor of 847406 and 112?
14
What is the highest common factor of 22125884 and 44?
44
Calculate the highest common divisor of 210 and 4984420.
70
Calculate the greatest common divisor of 20 and 95079260.
20
What is the greatest common factor of 14638558 and 123?
41
Calculate the greatest common factor of 331289 and 64190.
49
Calculate the greatest common divisor of 1806692 and 238.
34
Calculate the greatest common factor of 3736684 and 2688.
28
What is the highest common divisor of 50163 and 135033?
69
What is the highest common factor of 71048 and 38?
2
What is the highest common divisor of 1647265 and 255730?
535
Calculate the highest common divisor of 20331 and 212301.
81
Calculate the highest common divisor of 1591590 and 827970.
4290
Calculate the greatest common divisor of 20898696 and 84.
84
What is the greatest common factor of 44 and 19099828?
44
Calculate the greatest common divisor of 17508660 and 24180.
780
Calculate the greatest common divisor of 2991663 and 251883.
4419
Calculate the greatest common divisor of 22050 and 822175.
25
Calculate the greatest common factor of 81566 and 91879301.
2399
Calculate the highest common divisor of 282780 and 18720.
180
What is the greatest common factor of 204343832 and 616?
616
What is the greatest common divisor of 20272752 and 39744?
3312
Calculate the greatest common divisor of 46322056 and 1958.
22
Calculate the highest common divisor of 15586 and 82.
2
What is the highest common divisor of 7614 and 1419071?
47
Calculate the highest common factor of 16697 and 9971.
59
Calculate the highest common factor of 4711 and 220732559.
673
What is the greatest common factor of 46265542 and 2?
2
What is the greatest common factor of 2610676843 and 107?
107
Calculate the greatest common factor of 46200050 and 4520.
1130
What is the highest common factor of 28683 and 85788?
9
What is the highest common divisor of 10973912 and 8616?
2872
What is the greatest common factor of 31770958 and 230?
46
What is the highest common divisor of 525524104 and 28?
28
What is the highest common divisor of 1240985 and 2375?
95
Calculate the greatest common divisor of 265908 and 11904.
12
Calculate the highest common factor of 2016 and 70124832.
288
What is the greatest common factor of 720036 and 19888?
452
Calculate the highest common divisor of 8358 and 1714783.
1393
Calculate the greatest common factor of 15714 and 77309.
97
Calculate the greatest common divisor of 300 and 45045600.
300
Calculate the highest common divisor of 1591476 and 108.
12
What is the greatest common divisor of 32 and 4904855?
1
What is the greatest common divisor of 260 and 256574630?
130
What is the highest common factor of 288262106 and 110?
22
Calculate the highest common divisor of 21048172 and 7808.
244
What is the highest common divisor of 28 and 136443538?
14
Calculate the highest common divisor of 4020 and 250060080.
4020
Calculate the greatest common factor of 1165 and 145473550.
1165
Calculate the greatest common factor of 4735 and 4783297.
947
What is the greatest common factor of 197 and 20309321?
197
What is the greatest common factor of 2827711 and 211631?
617
Calculate the greatest common divisor of 16237068 and 1092.
12
What is the greatest common divisor of 202 and 301684677?
101
What is the highest common divisor of 1110780 and 1832160?
660
Calculate the greatest common divisor of 2846414 and 1415.
283
Calculate the greatest common divisor of 6885704 and 1517.
41
What is the highest common factor of 15252945 and 253005?
2505
What is the highest common factor of 1960785 and 1065?
15
Calculate the greatest common factor of 1325088 and 46656.
288
Calculate the highest common divisor of 5876 and 83226.
26
What is the highest common factor of 969 and 759033?
51
What is the greatest common divisor of 349080 and 16512?
24
What is the highest common factor of 4734 and 9532698?
1578
Calculate the highest common factor of 64403064 and 19800.
792
What is the highest common divisor of 106333 and 1110112?
113
What is the greatest common divisor of 3874643 and 3683?
127
Calculate the greatest common divisor of 380 and 47431030.
190
Calculate the greatest common factor of 121528 and 5229847.
1381
Calculate the greatest common divisor of 7452 and 13126284.
828
Calculate the greatest common factor of 15305 and 27495.
5
Calculate the greatest common divisor of 35003585 and 159.
53
Calculate the highest common divisor of 1217490 and 330.
30
Calculate the highest common factor of 26 and 1014389467.
13
What is the greatest common divisor of 105 and 123655410?
15
What is the greatest common divisor of 2294 and 731120?
74
What is the highest common divisor of 7948 and 40975914?
3974
Calculate the greatest common divisor of 102 and 1519176.
6
What is the greatest common divisor of 2242 and 11705010?
118
Calculate the greatest common factor of 360 and 1259256.
24
What is the highest common divisor of 122922091 and 2671?
2671
What is the greatest common divisor of 7856966 and 1352?
26
What is the greatest common factor of 9637040 and 30?
10
What is the greatest common factor of 223293 and 8280069?
4557
Calculate the highest common divisor of 2227062754 and 434.
434
Calculate the greatest common divisor of 1319 and 119199349.
1319
What is the greatest common factor of 21856 and 730127?
683
What is the greatest common divisor of 800622 and 1193922?
342
Calculate the greatest common divisor of 50972251 and 11.
11
Calculate the highest common factor of 7173201 and 55167.
1491
Calculate the greatest common factor of 35152335 and 360.
45
Calculate the highest common factor of 18423909 and 1935.
387
What is the highest common divisor of 209 and 6140783?
11
What is the greatest common factor of 15183224 and 14?
14
Calculate the greatest common factor of 21496 and 41847338.
5374
What is the greatest common factor of 36865 and 637655?
365
Calculate the greatest common divisor of 105056 and 2394.
14
Calculate the highest common divisor of 621 and 770339.
23
Calculate the greatest common factor of 598833 and 243.
81
What is the highest common divisor of 935 and 1610444?
187
Calculate the greatest common divisor of 56896 and 301504.
448
What is the highest common factor of 25063 and 1207?
71
What is the highest common divisor of 3190 and 220726?
22
Calculate the highest common divisor of 764773 and 1749265.
943
What is the greatest common factor of 597924 and 272?
68
What is the highest common factor of 264 and 509032?
8
Calculate the highest common factor of 96642 and 442806.
546
What is the highest common divisor of 3696268 and 1504?
188
What is the greatest common factor of 1125740 and 954170?
3010
Calculate the greatest common divisor of 258764 and 3564.
44
What is the greatest common divisor of 3 and 39976078?
1
What is the greatest common factor of 81 and 376930017?
81
Calculate the highest common divisor of 1014 and 583506300.
1014
What is the greatest common divisor of 1757 and 22133?
1
What is the greatest common divisor of 291712 and 1848269?
2279
Calculate the highest common divisor of 402306 and 456.
114
What is the highest common factor of 8208 and 77463?
513
Calculate the greatest common factor of 200690 and 110105.
305
What is the highest common divisor of 99781297 and 1078?
539
What is the greatest common factor of 10860 and 203693780?
3620
Calculate the greatest common divisor of 44 and 11650859.
11
Calculate the highest common divisor of 1459159 and 13910.
1391
Calculate the greatest common factor of 17267 and 87802138.
557
Calculate the greatest common factor of 16644 and 399018.
438
Calculate the highest common factor of 17420 and 162810.
670
What is the highest common divisor of 338574 and 11826?
438
Calculate the highest common divisor of 6 and 4272192.
6
Calculate the highest common divisor of 20520551 and 323.
19
Calculate the greatest common factor of 1512 and 8519094.
54
What is the highest common divisor of 2270 and 59150?
10
What is the highest common divisor of 89453390 and 104?
26
What is the greatest common divisor of 529128 and 142488?
72
Calculate the greatest common factor of 780433797 and 40755.
8151
What is the gr